ctors of d(s).
2, 37
Let p(g) = -g**3 + 75*g**2 + 211*g - 3232. What are the prime factors of p(75)?
7, 257
What are the prime factors of 15/1 - (129 - 11957)?
13, 911
Suppose 0*a = -10*a - 900. Let c = 202 + a. List the prime factors of c.
2, 7
Suppose -312777 = 2942*n - 3011*n. List the prime factors of n.
3, 1511
Let w(z) = -1687*z + 333. What are the prime factors of w(-9)?
2, 3, 431
Suppose 6*a + 3*a = -a. Suppose a = -3*n - 17*n + 8280. List the prime factors of n.
2, 3, 23
Suppose 3*g - 2*c = 11766, -714*g + 2*c = -710*g - 15692. List the prime factors of g.
2, 13, 151
Suppose -74385 = -4*y - 3*j, -18*y - 4*j = -13*y - 92982. What are the prime factors of y?
2, 3, 1033
Let u = 561 + 495. Suppose u = 4*o - 2648. What are the prime factors of o?
2, 463
Let l(t) = 510*t + 1251. What are the prime factors of l(6)?
3, 479
Let i(s) = -62*s + 13 + 7 + 58*s. Let x be i(-10). What are the prime factors of (6/4)/(x/4960)?
2, 31
Let u(v) = v**2 - 29*v + 22. Let k be u(28). List the prime factors of (k + 7)*6 - 1643*-1.
17, 97
Let n(h) = -367*h - 24. Suppose -25 - 3 = 7*c. List the prime factors of n(c).
2, 19
Let o = 241 + -172. Let x = 72 - o. Suppose -m + 101 = x*p - 2*p, 4*m - 2*p = 380. List the prime factors of m.
97
Suppose 2*v - 5*o = 5327, 4*v - 4179 - 6460 = 5*o. What are the prime factors of v?
2, 83
Suppose -3*y + 12 = y. Let x be 117/12 + y/12. List the prime factors of 26/39*(x + -1).
2, 3
Let h(s) = -s**3 - 24*s**2 - 32*s - 14. Let w be h(-22). Let k = w - -534. What are the prime factors of k?
2
Suppose -4*w + 23*n = 21*n + 14, -3*w - 6 = 3*n. Let x(r) = -34*r**3 + 2*r**2 + r - 13. List the prime factors of x(w).
2, 5, 23
Let h(a) be the second derivative of 37*a**3/6 + 47*a**2 - 286*a. List the prime factors of h(18).
2, 5, 19
Suppose -878*u + 832*u = -407146. List the prime factors of u.
53, 167
Suppose 11*q - 3*x + 3 = 7*q, -4*q - x = -17. List the prime factors of (-10828)/(-16) + q/36*15.
2, 3, 113
Let s(u) be the second derivative of 11*u**3/6 - 15*u**2/2 + 12*u. Let v be s(14). Let z = v + -37. What are the prime factors of z?
2, 3, 17
Suppose 80 = 101*i - 85*i. Suppose -i*q = -o - 3598, 286 + 1856 = 3*q + 5*o. List the prime factors of q.
719
Let k = -2065 + 2966. What are the prime factors of k?
17, 53
Let r(j) = 0*j**2 + j**2 - 47*j - 10 + 0*j**2 + 87*j. What are the prime factors of r(6)?
2, 7, 19
Suppose -2*o = -5*i - 2663, 533 = -4*o - 3*i + 5898. Suppose 119 = 2*y - o. What are the prime factors of y?
3
Suppose -3*t - 79 = -88. Suppose -2*m = -4*a + 18, m = -a - 0 + t. Suppose 3*v - 2*c - 340 = v, -a*v = -3*c - 682. What are the prime factors of v?
2, 43
Let u(k) = -k**3 - 2*k**2 - 2*k + 4. Let g be u(-5). Let o = 8343 - 8156. Let m = o - g. What are the prime factors of m?
2, 7
Suppose -7*l = l - 176. Suppose -5*z = r - 31 + 8, 4*z = -5*r + 31. Suppose -3*b + z*j + l = -2*b, -5*b = -4*j - 62. What are the prime factors of b?
2, 5
Suppose 211 = -6*z + 193. List the prime factors of 3455/3 + z + 40/12.
2, 3
Let v = -871 - -1306. Suppose 3*p = -5*q + v, 5*p - 756 = -2*q + 4*q. List the prime factors of p.
2, 3, 5
Suppose -53*h = -173323 - 37034. What are the prime factors of h?
3, 7
Suppose 0 = 5*q + 12220 - 395. Let o = -1456 - q. What are the prime factors of o?
3, 101
Let g(m) be the third derivative of -61*m**4/24 + 80*m**3/3 - 216*m**2. List the prime factors of g(-27).
13, 139
Let i(n) = n**3 - 7*n**2 - n + 11. Let k be i(7). Suppose 0 = k*w - 21 - 15. What are the prime factors of -33*(32/(-12) - (-6)/w)?
2, 3, 11
Suppose -k - 4 + 6 = 0. Let o(x) = k + x + 9*x - 9*x + 3. List the prime factors of o(4).
3
Let l(h) = -46*h + 80. Let x be -5 - (12*3/12 - 1). List the prime factors of l(x).
2, 3, 67
Let y be 112440/36 - 2/(-3). Suppose 3*i = -5*q + 407 + 1463, -5*i + y = q. What are the prime factors of i?
5
Let t(h) = -2*h**2 + 5*h - 3. Let i be (-10)/15 + 0 - 5/(-3). Let z be t(i). Suppose z = 10*y - 0*y - 930. What are the prime factors of y?
3, 31
Let n(z) = 211*z - 281. List the prime factors of n(20).
3, 13, 101
Let p = -11663 - -17383. Suppose -p = -19*u + 246. List the prime factors of u.
2, 157
What are the prime factors of (2260 - (1 - -3)) + (-40)/(-8)?
7, 17, 19
Suppose -3*b = 2*b - 10. Suppose 6*s = 3*s - b*h + 3332, -2230 = -2*s + 3*h. What are the prime factors of s?
2, 139
Let d = -28290 - -66445. List the prime factors of d.
5, 13, 587
Suppose 3*i = -j + 6*i - 6, 4*j - 2*i + 24 = 0. Let v = j + 8. Suppose -v*d = 10 - 24. List the prime factors of d.
7
Suppose -4*h - 147 = 93. Let y be -64 + 20 - 16/2. What are the prime factors of (-776)/(-26) + -1 + h/y?
2, 3, 5
Let h(v) = -24*v + 50. Let y be h(2). Suppose -25 = 5*f, 4*f - 840 - 948 = -y*u. List the prime factors of u.
2, 113
Let l(k) = -k**3 + 7*k**2 - 2*k + 14. Let d be l(6). Let w be 34/(-5)*(2 - 7). Let y = d - w. List the prime factors of y.
2
Let i(w) = -w**3 + 65*w**2 - 93*w - 518. List the prime factors of i(38).
2, 11, 397
Let v(t) = 12*t**3 + 2*t**2 + 3*t - 7. Let k be v(4). Suppose j - 644 = -4*b, 6*j - k = -5*b + 2*j. What are the prime factors of b?
7, 23
Let z be (15 + -14)/(1/23). Suppose 4340 = z*k + 8*k. What are the prime factors of k?
2, 5, 7
Let j = -15612 - -23944. List the prime factors of j.
2, 2083
Let m be (-36 - -6)/(12/(-64)). Suppose -3*l - 49 = -m. List the prime factors of l.
37
Let x(z) = -7*z + 35. Let w be x(26). Let l = -69 - w. List the prime factors of l.
2, 3, 13
Suppose -4*j + 329669 = o + 75862, 0 = j - o - 63463. What are the prime factors of j?
2, 31727
Let b(h) = -206*h + 187. Let k be (9*(-1)/4)/(27/72). List the prime factors of b(k).
1423
List the prime factors of -651828*(-13)/676 - 4/26.
5, 23, 109
Let l be (42/(-4) - -2) + 6/4. Let p be (-2*(-3)/l)/((-2)/28). What are the prime factors of (p/(-16))/((-6)/10)*4?
5
Suppose 3*p - 5*p = -12. Let m be (-48)/(-22) + p/(-33). Suppose 215 = 5*l + 4*c - 250, 0 = -m*l - c + 186. List the prime factors of l.
3, 31
Let m(s) = s**2 + 9*s + 17. Suppose 5*y - y + 12 = 3*c, -c = 0. Let p be m(y). List the prime factors of (-2 + p)/((-12)/664).
2, 83
Suppose 4*i - 5*c + 4620 = 15699, -c - 8301 = -3*i. List the prime factors of i.
2, 3, 461
Let c(l) = 512*l**2 + 97*l + 1. List the prime factors of c(5).
2, 7, 13, 73
What are the prime factors of -2 - 3 - ((-1058)/(-5))/(59/(-295))?
3, 13
Suppose -3*o + 51894 = -m - 0*m, -4*o + m + 69191 = 0. What are the prime factors of o?
7, 353
Suppose -43665 - 36347 + 1365697 = 235*g. What are the prime factors of g?
5471
Let r(k) = k**2 + 9*k + 35. Let c be r(24). Let n = c + -512. What are the prime factors of n?
3, 5, 7
Let x be 240/7 - (-2)/(-42)*6. Let b be x - (0 + -2)/(-3 + 1). Suppose 7*v - b = 527. What are the prime factors of v?
2, 5
Suppose -2*r - 157 = -2*c + 69, -3*c + 15 = 0. List the prime factors of (-46)/(-161) - r/14.
2
Let b = -6252 - -9671. Suppose -235 = 6*o + b. Let g = -391 - o. List the prime factors of g.
2, 109
Suppose 0 = -28*u + 79915 - 25935 + 55276. What are the prime factors of u?
2, 1951
Let u = 81 + -49. Let s be 870/25*(-2 + u/6). Let w = -3 + s. What are the prime factors of w?
113
Let n(b) = 1 - 332*b**2 + 85*b + 339*b**2 - 15*b - 14. What are the prime factors of n(-13)?
2, 5, 13
Suppose x - 2*x = -476. Suppose 5*q + x = n, 2*n - q = 8 + 908. Suppose 5*r = 3*f + r - 341, -5*r - n = -4*f. List the prime factors of f.
7, 17
Suppose 19 + 9 = 14*g. Suppose 0 = -2*t + 4*w + 1456, 0*w - g*w - 3600 = -5*t. What are the prime factors of t?
2, 359
Suppose 4*d + 5*r - 26836 = 0, 24*d - 20127 = 21*d + 4*r. List the prime factors of d.
6709
Let n(u) = -u**2 - 5*u. Let f be n(-6). Let a(w) be the first derivative of w**3/3 - w**2/2 - 4*w - 213. List the prime factors of a(f).
2, 19
Let n = 23257 - -14575. List the prime factors of n.
2, 4729
Suppose 14 = j + 5. Suppose -3078 = -14*i + j*i - w, -3*i - w = -1846. What are the prime factors of i?
2, 7, 11
Let z = -259 - -593. Suppose 2*a - z = -p, 0 = a - 5*a - p + 668. What are the prime factors of a?
167
Suppose -a + 57*g = 55*g - 23882, -16 = -4*g. What are the prime factors of a?
2, 5, 2389
Suppose -3*i - 27 + 18 = 0. List the prime factors of 2 + 205 + (3 - i - 1).
2, 53
Let j(s) = 14*s**2 + 21*s - 3. Suppose 50*k = 63*k + 143. List the prime factors 